t is 2 + -1 + 2 + (-3 - -1)?
1
What is the value of 3 + 3 - (7 - 4)?
3
Calculate (-10 - -2) + -1 + (-14 - -19).
-4
What is -1 - (7 - (-5 + 10))?
-3
What is the value of -4 - ((6 - 4) + -1)?
-5
(21 - 10 - 7) + -9
-5
What is the value of -18 - (1 - (1 + 4)) - -5?
-9
What is the value of -4 + (0 - 8) + 9?
-3
(3 - (9 + -5)) + -2
-3
What is the value of 7 - (5 - (0 + 0))?
2
What is -4 + (0 + 3 - -3) - 6?
-4
-7 - -2 - (-2 - 8)
5
What is the value of (0 - (-3 - 3) - 10) + 0?
-4
Evaluate 9 + -9 - (0 + 2 + -2).
0
Evaluate 10 - 7 - (0 - (1 + -4)).
0
Calculate -20 - -25 - (7 + 0).
-2
Evaluate 5 + -8 + 1 + -3 + 6.
1
Calculate -4 + (-6 + 12 - 0).
2
Calculate (-7 - -2) + 5 - -3.
3
Evaluate -1 + (5 + -3 - (1 + -5)).
5
-1 + (0 - (4 + (1 - 3)))
-3
What is 12 + -5 - 1 - 4 - -3?
5
Calculate 7 + (1 + 6 - 12).
2
Calculate 3 + 1 + (4 - 7) - -2.
3
Calculate 5 - (-4 - -4) - (0 - -5).
0
What is -23 + 14 + 3 + (-5 - -3)?
-8
What is the value of (0 - 12) + (-1 - -8)?
-5
What is -4 + (0 - -6) + -2 + -2?
-2
What is the value of 6 + (4 - (-3 - -5)) + -11?
-3
Calculate 8 + (10 - 7) + -2 + -5.
4
What is the value of -17 - -18 - (-2 + -2)?
5
Calculate (-14 - -2) + (-15 - -30).
3
What is 7 - (-1 - -4 - (-31 + 32))?
5
Evaluate 3 - (-6 + 2 + -1 + 3).
5
-3 + (9 - 5) - -2 - 3
0
Calculate -7 + 2 + 7 + 3.
5
What is 3 + -5 + -1 - (1 + 0)?
-4
Evaluate 10 + -3 - (13 + (2 - 10)).
2
Calculate (1 - (11 - 7)) + (2 - 1).
-2
What is the value of 4 + -1 - (0 + 0 - -1)?
2
What is 2 - (2 + -4) - 4?
0
Evaluate -5 + 0 + 6 + -4 - -3.
0
Evaluate 1 - -1 - (-4 + (3 - -2)).
1
Calculate -5 - (-1 + -12 - -5).
3
What is -1 + -3 + 2 + -3?
-5
(4 - 1) + 19 + -18
4
Evaluate 1 + (12 - (2 - -3)).
8
What is (22 - 13) + (2 - 7)?
4
0 - (5 + (-5 - -5) + -2)
-3
(0 - (2 - 9)) + -13
-6
What is 4 - (5 - (-1 - 0))?
-2
Calculate (7 - 0) + -8 + -1 + -4.
-6
What is the value of -4 - (-7 + (-1 - -2))?
2
1 - (2 - (-5 - -5))
-1
95 + -92 + 1 + 5
9
What is the value of (-3 - -6) + -3 + 2?
2
Calculate 4 + (-6 - (4 + -11)) - -1.
6
What is the value of 10 + -4 - (9 + -3)?
0
-2 - (-2 - 0) - 4
-4
Calculate -2 - (0 + 4 - (-8 - -8)).
-6
What is the value of 183 + -177 + (-3 - -1)?
4
Evaluate 3 + (4 + -2 - 4).
1
What is 0 + 0 + -2 + (-3 - 0)?
-5
Calculate 25 - 19 - (-1 + 5 + -1).
3
What is the value of -5 - (-5 - 5) - 0?
5
What is the value of -5 - ((5 - (2 + 10)) + 1)?
1
What is the value of 5 - (-4 - -8 - 1) - 7?
-5
2 + -1 - (-11 + 10)
2
Evaluate -9 + -4 + 13 + -7.
-7
Calculate -6 - (2 - (5 - 2)) - 4.
-9
What is the value of 1 + 5 + -3 + -3 + 0?
0
What is (4 - (-3 + 4)) + -11 + 3?
-5
Evaluate (-2 + 3 - -1) + -2.
0
Evaluate 2 - ((-4 - -9) + -3).
0
Evaluate -9 + (3 - -3) - -11.
8
What is 2 - (0 - -2 - 1)?
1
What is (-8 - 2 - 4) + 4 + 5?
-5
What is 6 - (7 + 6 + -5 + -11)?
9
What is the value of -16 + 20 - (3 - -1)?
0
Evaluate -5 - ((-7 - (4 + -5)) + 0).
1
Evaluate 25 + -31 - (1 + -5).
-2
Calculate 1 + 4 + (-14 + 12 - -1).
4
What is (1 - 0) + -3 + (2 - -5)?
5
What is the value of -4 + 6 + 5 + (0 - 8)?
-1
Evaluate 1 - -1 - (44 - 45).
3
Evaluate -1 - (-2 + -1 - 6).
8
Evaluate 4 - (-2 + 4) - (-1 + 0).
3
What is the value of 3 - (-9 + (-3 - -8))?
7
Calculate 0 - -4 - (-2 - -9) - 1.
-4
(-2 - 0) + (0 - -6)
4
-6 - (7 - (3 - -5) - -5)
-10
What is the value of -8 - -9 - (-2 + 2)?
1
Calculate (3 + (2 - 7) - 7) + 2.
-7
Calculate 9 + (-5 - (-13 + 17)).
0
Calculate (-8 + 9 - 0) + (8 - 1).
8
6 - (-1 + 2 + 7)
-2
What is the value of -23 + 29 + -7 + 2?
1
(5 + -10 - 7) + 7
-5
Evaluate (4 - -7) + (-3 - 3).
5
Evaluate (0 - 4 - 1) + 7.
2
Evaluate 8 - (-2 + (-8 - -22)).
-4
Evaluate 2 - (-5 + 1 - -3) - 2.
1
Calculate -1 - -12 - ((13 - 8) + 2).
4
What is -5 - (0 - 6) - (1 - 1)?
1
What is the value of -3 + 4 + 3 + (-1 - 4)?
-1
5 + -15 - -22 - 6
6
Calculate -2 + -3 + 3 + -2.
-4
What is (6 - (5 + 1)) + -1?
-1
What is (0 - ((-5 - -11) + -6)) + 7?
7
What is 1 - (2 - 0 - (1 + -3))?
-3
(6 - (-1 + 3)) + -1
3
-8 - (3 + -1) - -11
1
Calculate (-22 - -25) + 1 + -5.
-1
What is (-16 - -9) + (0 - -4)?
-3
Calculate 3 + 2 - 4 - (1 + 3).
-3
-2 + -3 + 13 + -1
7
Calculate -1 + 1 - ((-3 - 7) + 13).
-3
Evaluate -11 + 3 + 14 - 4.
2
What is the value of 2 + (-9 + 1 + 4 - -7)?
5
What is -1 - (-4 - -8 - 4) - -1?
0
0 + -4 + -1 - (6 - 10)
-1
-6 + 2 - 0 - 3
-7
(-6 - (-6 + 2)) + 6 + -2
2
What is (2 - 3 - 3) + (6 - 5)?
-3
-10 + -11 + 21 - -10
10
What is 9 + -13 + 5 + 6?
7
What is 1 + -3 + -2 - -1?
-3
Calculate (11 - 12) + 6 + -8.
-3
Calculate -8 + 6 + -5 + 7.
0
Calculate 0 - (-1 - -2) - (14 - 14).
-1
What is the value of 81 + -85 + 1 + 1 + -4?
-6
Evaluate (-14 + 16 - (-1 + -2)) + -5.
0
-4 + -3 + 3 + 3
-1
Evaluate -1 + 2 - (2 - -4) - -2.
-3
What is 1 - (4 + 1 + (4 - 8))?
0
Calculate (-4 - -3) + 9 + -4.
4
Calculate -3 - -11 - (2 - -3) - -2.
5
-2 + (9 - 17 - -5)
-5
0 + -5 - (3 + 0 + -3)
-5
What is the value of -5 - -1 - (2 + -3 + 1)?
-4
Calculate (-3 + 1 - 2) + (-1 - -1).
-4
What is the value of -44 + 39 - (-1 - -3 - 7)?
0
Calculate -8 - (-1 + -3) - (0 - -2).
-6
Calculate (0 + -3 - 0) + 0.
-3
Evaluate -2 + 4 + 0 + 1.
3
Evaluate -17 - -21 - (-2 + 2 - -11).
-7
0 + -5 - -13 - 3
5
What is the value of -3 - -8 - -4 - 7?
2
Evaluate (-4 - -6) + (3 - 5) + 3.
3
-2 - (1 + (-4 - -4 - 3))
0
Calculate (-1 - (-1 + 3)) + 4.
1
What is -6 - ((0 - (2 + 0)) + 3)?
-7
What is the value of 1 + -6 - (-2 + 1)?
-4
Evaluate -3 - (-6 - (0 + 2 + -7)).
-2
8 + -15 + -1 + 3
-5
Evaluate 5 + -2 + -8 - (-5 + 0).
0
What is the value of (0 - -3) + -8 + (19 - 15)?
-1
What is -6 + ((4 - -3) + -5 - 3)?
-7
Evaluate -1 + 2 - (-1 + (1 - -2)).
-1
What is -3 + 2 + (11 - 5)?
5
What is the value of -1 - (0 + 4 + (-17 - -10))?
2
What is 4 + -2 + -9 + 6 + 0?
-1
What is the value of -11 + 9 + 6 + -1?
3
What is the value of 6 - (4 + -3 + (2 - -1))?
2
What is the value of 12 + -11 + (0 - 4)?
-3
What is 6 - (-3 + (-5 - -4) - -2)?
8
Evaluate 8 - (8 - -9 - 13).
4
What is the value of 3 + (-4 - (6 + -8))?
1
What is -1 - (1 + 1 - -1)?
-4
Calculate -6 - (-20 - (1 + -8)) - 4.
3
What is 2 - 1 - (22 - 21) - 5?
-5
What is 3 - (10 - (-2 + 6))?
-3
What is 23 + -13 + (-1 - 7) + 2?
4
Calculate (-2 - (0 + 3 + -8)) + -6.
-3
Calculate 4 + -7 + -2 - -2.
-3
-1 - (9 - 11) - -3
4
Calculate (5 - 11 - -8) + -4.
-2
-79 + 73 + 13 + 1
8
Calculate -4 - (-8 - -1 - -2).
1
2 - (3 - 0) - (4 + 0)
-5
Calculate 1 + (3 - -2 - 3).
3
What is 3 - (5 - (-9 + 11))?
0
What is (1 - (1 - 2)) + (-46 - -43)?
-1
Evaluate (-1 - -4 - 6) + (8 - 1).
4
Evaluate 6 + (-4 - (7 - 5)).
0
-7 + 15 - (4 - 2)
6
Evaluate (13 - 26) + 19 - 9.
-3
What is (5 - ((2 - 2) + -3)) + -2?
6
What is -5 + -2 + -5 + -1 + 8?
-5
What is the value of 60 + -79 + (1 - -8)?
-10
Evaluate 0 - 2 - (-2 - -4).
-4
What is the value of 3 + -9 - (-5 + -1)?
0
(-5 - 13) + 8 - -14
4
What is -3 - -2 - (-9 + 10 + -2)?
0
Evaluate (-4 - -12) + (0 - 3) - -3.
8
What is the value of -1 - (-5 + 13) - (-2 + 0)?
-7
Calculate 2 - (-1 - -2) - (6 + -9).
4
What is 2 - (-1 + 3) - -2?
2
What is the value of 0 + -1 - (-2 - -2 - 2)?
1
What is the value of -10 - (-14 - -7) - (9 - 4)?
-8
Calculate 0 - (6 - (10 + -5)).
-1
Calculate (0 + 0 - -8) + -2.
6
What is -38 + 35 - (1 + -1)?
-3
What is the value of -4 + (13 - 3) + -2?
4
Evaluate 1 - (-7 + 4 - -2).
2
What is the value of 8 + (-4 + -5 - -1)?
0
Calculate -4 + (8 - (7 - 7)) + 1.
5
0 + -2 + -9 + 7 + 1
-3
What is (-51 - -51) + (1 - 2)?
-1
Calculate 0 + -13 + -1 + 13.
-1
What is the value of 11 + -5 + -12 + (0 - -3)?
-3
What is the value of -3 - (-3 + 4 - 3) - 2?
-3
5 + (3 + -8 - -1)
1
What is the value of (-2 - (8 + -5 + -1)) + 5?
1
Calculate 0 + -2 - (-8 - (-1 - 5)).
0
Evaluate 1 + -4 - (-3 - 4).
4
What is the value of -2 + (8 - 2) + 1?
5
What is the value of -10 + 2 + -27 + 29?
-6
Calculate 1 + -3 + 3 + -1.
0
What is the value of (2 + 0 - 3) + (13 - 8)?
4
(1 + 0 - 4) + -2
-5
0 + 7 + (94 - 97)
4
What is the value of -7 + (22 - (24 + -12))?
3
What is 8 + 0 - (7 - 0) - -1?
2
-7 + 5 - (2 - 3 - 5)
4
Evaluate 3 - -2 - (-2 + 9).
-2
Calculate 1 + 1 - (19 + -6 - 5).
-6
(6 - 18) + 1 + 15
4
What is 12 + -8 - (5 - 4 - -7)?
-4
Calculate 4 + -4 + -2 + 2 - -1.
1
Calculate 0 - (10 - 5 - (2 + 1)).
-2
What is the value of -17 + (5 - 1) + 3?
-10
Evaluate -1 - (2 - 5) - (8 - 2).
-4
What is 3 + 0 - (4 - 8 - -8)?
-1
What is -1 + 4 + 4 + -8 - 1?
-2
What is the value of 8 + -1 + -7 + -1?
-1
-1 + (-4 - -7) + -3
-1
What i